{"id":17968,"date":"2025-03-17T07:49:21","date_gmt":"2025-03-17T06:49:21","guid":{"rendered":"https:\/\/curtidospinos.com\/?page_id=17968"},"modified":"2025-07-04T09:43:59","modified_gmt":"2025-07-04T08:43:59","slug":"informacion","status":"publish","type":"page","link":"https:\/\/curtidospinos.com\/Pt\/informacion\/","title":{"rendered":"INFORMA\u00c7\u00c3O"},"content":{"rendered":"<p><\/p>\n<h1><b>FICHA T\u00c9CNICA<\/b><\/h1>\n<p><b>CARACTER\u00cdSTICAS DO PRODUTO<\/b><\/p>\n<p>Fabricado com couro de bovino da UE, curtido com extratos vegetais.<\/p>\n<p><b>MAT\u00c9RIAS-PRIMAS<\/b><\/p>\n<p>Os produtos qu\u00edmicos utilizados no acabamento e tingimento s\u00e3o fabricados em Espanha e<\/p>\n<p>cumprem tudo actuais regulamentos da Comunidade Europeia (regulamentos REACH).<\/p>\n<h1><b>EMBALAGEM E ETIQUETAGEM<\/b><\/h1>\n<p>Bobinas de tampas de pl\u00e1stico e cart\u00e3o recicl\u00e1veis.<\/p>\n<h1><b>USOS E APLICA\u00c7\u00d5ES<\/b><\/h1>\n<p>1. Artigos e acess\u00f3rios em pele:<br \/>\n\u2022 Al\u00e7as para bolsas ou mochilas<br \/>\n\u2022 Pulseiras ou braceletes<br \/>\n\u2022 Fechos decorativos ou funcionais para agendas, cadernos ou agendas<br \/>\n\u2022 Chaveiros<br \/>\n\u2022 Suspens\u00f3rios ou molas de chap\u00e9u<\/p>\n<p>2.\u00ba Vestu\u00e1rio e cal\u00e7ado:<br \/>\n\u2022 Detalhes decorativos nas pe\u00e7as (cintos finos, guarni\u00e7\u00f5es)<br \/>\n\u2022 Tiras para sand\u00e1lias ou huaraches<\/p>\n<p>3.\u00ba Decora\u00e7\u00e3o e artesanato:<br \/>\n\u2022 Tecido decorativo ou entran\u00e7ado para molduras, candeeiros, etc.<br \/>\n\u2022 Embrulho ou fecho r\u00fastico para oferta<br \/>\n\u2022 Tiras para cortinas do tipo campestre ou r\u00fasticas<br \/>\n\u2022 Encaderna\u00e7\u00f5es artesanais<\/p>\n<p>4.\u00ba Passeios a cavalo e desporto:<br \/>\n\u2022 Pe\u00e7as de substitui\u00e7\u00e3o para r\u00e9deas ou correias de sela<br \/>\n\u2022 Correias para arcos tradicionais ou coldres de armas<\/p>\n<p>5.\u00ba Instrumentos musicais:<br \/>\n\u2022 Tiras para fixar ou decorar tambores<br \/>\n\u2022 Correias para guitarras ou outros instrumentos<\/p>\n<p>6. Outros usos pr\u00e1ticos:<br \/>\n\u2022 Marcadores ou agendas<br \/>\n\u2022 Cintas para enrolar cabos ou ferramentas<br \/>\n\u2022 Fixadores para equipamento de campismo ou mochilas<\/p>\n<h1><b>MANUTEN\u00c7\u00c3O<\/b><\/h1>\n<p>&#8211; Evitar o contacto com a \u00e1gua: Embora o couro curtido com vegetais seja resistente, n\u00e3o \u00e9<\/p>\n<p>imperme\u00e1vel. Se molhar, seque imediatamente com um pano seco.<\/p>\n<p>&#8211; Prote\u00e7\u00e3o solar: A exposi\u00e7\u00e3o prolongada ao sol pode secar e descolorar<\/p>\n<p>o couro.<\/p>\n<p>&#8211; Cuidado com os produtos qu\u00edmicos: perfumes, \u00f3leos corporais e produtos de limpeza.<\/p>\n<p>a limpeza pode manchar ou danificar o couro.<\/p>\n<p>Com estas precau\u00e7\u00f5es, o seu cord\u00e3o de couro de bovino curtido com vegetais permanecer\u00e1<\/p>\n<p>em excelente estado durante muito tempo.<\/p>\n<h1><b>M\u00c9TODOS DE PAGAMENTO<\/b><\/h1>\n<p>O pedido ser\u00e1 processado e enviado assim que o pagamento for recebido. Para encomendas<\/p>\n<p>personalizadas, exigir\u00e1 um pagamento adiantado de 50% no momento do pedido.<\/p>\n<h1><b>PRAZO DE ENTREGA<\/b><\/h1>\n<p>Somos um fabricante, n\u00e3o um armaz\u00e9m, pelo que alguns artigos podem exigir um prazo de<\/p>\n<p>entrega.produ\u00e7\u00e3o antes do envio. Agradecemos a sua compreens\u00e3o.<\/p>","protected":false},"excerpt":{"rendered":"<p>FICHA T\u00c9CNICA CARACTER\u00cdSTICAS DO PRODUTO Fabricado com couro de bovino da UE, curtido com extratos vegetais. MAT\u00c9RIAS-PRIMAS Os produtos qu\u00edmicos utilizados no acabamento e tingimento s\u00e3o fabricados em Espanha e cumprem tudo actuais regulamentos da Comunidade Europeia (regulamentos REACH). EMBALAGEM E ETIQUETAGEM Bobinas de tampas de pl\u00e1stico e cart\u00e3o recicl\u00e1veis. USOS E APLICA\u00c7\u00d5ES 1. Artigos&hellip;<\/p>\n","protected":false},"author":7,"featured_media":16123,"parent":0,"menu_order":0,"comment_status":"closed","ping_status":"closed","template":"","meta":{"footnotes":""},"class_list":["post-17968","page","type-page","status-publish","has-post-thumbnail","hentry","description-off"],"_links":{"self":[{"href":"https:\/\/curtidospinos.com\/Pt\/wp-json\/wp\/v2\/pages\/17968","targetHints":{"allow":["GET"]}}],"collection":[{"href":"https:\/\/curtidospinos.com\/Pt\/wp-json\/wp\/v2\/pages"}],"about":[{"href":"https:\/\/curtidospinos.com\/Pt\/wp-json\/wp\/v2\/types\/page"}],"author":[{"embeddable":true,"href":"https:\/\/curtidospinos.com\/Pt\/wp-json\/wp\/v2\/users\/7"}],"replies":[{"embeddable":true,"href":"https:\/\/curtidospinos.com\/Pt\/wp-json\/wp\/v2\/comments?post=17968"}],"version-history":[{"count":10,"href":"https:\/\/curtidospinos.com\/Pt\/wp-json\/wp\/v2\/pages\/17968\/revisions"}],"predecessor-version":[{"id":18173,"href":"https:\/\/curtidospinos.com\/Pt\/wp-json\/wp\/v2\/pages\/17968\/revisions\/18173"}],"wp:featuredmedia":[{"embeddable":true,"href":"https:\/\/curtidospinos.com\/Pt\/wp-json\/wp\/v2\/media\/16123"}],"wp:attachment":[{"href":"https:\/\/curtidospinos.com\/Pt\/wp-json\/wp\/v2\/media?parent=17968"}],"curies":[{"name":"wp","href":"https:\/\/api.w.org\/{rel}","templated":true}]}}

INFORMAÇÃO

<p></p>
<h1><b>FICHA TÉCNICA</b></h1>
<p><b>CARACTERÍSTICAS DO PRODUTO</b></p>
<p>Fabricado com couro de bovino da UE, curtido com extratos vegetais.</p>
<p><b>MATÉRIAS-PRIMAS</b></p>
<p>Os produtos químicos utilizados no acabamento e tingimento são fabricados em Espanha e</p>
<p>cumprem tudo actuais regulamentos da Comunidade Europeia (regulamentos REACH).</p>
<h1><b>EMBALAGEM E ETIQUETAGEM</b></h1>
<p>Bobinas de tampas de plástico e cartão recicláveis.</p>
<h1><b>USOS E APLICAÇÕES</b></h1>
<p>1. Artigos e acessórios em pele:<br />
• Alças para bolsas ou mochilas<br />
• Pulseiras ou braceletes<br />
• Fechos decorativos ou funcionais para agendas, cadernos ou agendas<br />
• Chaveiros<br />
• Suspensórios ou molas de chapéu</p>
<p>2.º Vestuário e calçado:<br />
• Detalhes decorativos nas peças (cintos finos, guarnições)<br />
• Tiras para sandálias ou huaraches</p>
<p>3.º Decoração e artesanato:<br />
• Tecido decorativo ou entrançado para molduras, candeeiros, etc.<br />
• Embrulho ou fecho rústico para oferta<br />
• Tiras para cortinas do tipo campestre ou rústicas<br />
• Encadernações artesanais</p>
<p>4.º Passeios a cavalo e desporto:<br />
• Peças de substituição para rédeas ou correias de sela<br />
• Correias para arcos tradicionais ou coldres de armas</p>
<p>5.º Instrumentos musicais:<br />
• Tiras para fixar ou decorar tambores<br />
• Correias para guitarras ou outros instrumentos</p>
<p>6. Outros usos práticos:<br />
• Marcadores ou agendas<br />
• Cintas para enrolar cabos ou ferramentas<br />
• Fixadores para equipamento de campismo ou mochilas</p>
<h1><b>MANUTENÇÃO</b></h1>
<p>&#8211; Evitar o contacto com a água: Embora o couro curtido com vegetais seja resistente, não é</p>
<p>impermeável. Se molhar, seque imediatamente com um pano seco.</p>
<p>&#8211; Proteção solar: A exposição prolongada ao sol pode secar e descolorar</p>
<p>o couro.</p>
<p>&#8211; Cuidado com os produtos químicos: perfumes, óleos corporais e produtos de limpeza.</p>
<p>a limpeza pode manchar ou danificar o couro.</p>
<p>Com estas precauções, o seu cordão de couro de bovino curtido com vegetais permanecerá</p>
<p>em excelente estado durante muito tempo.</p>
<h1><b>MÉTODOS DE PAGAMENTO</b></h1>
<p>O pedido será processado e enviado assim que o pagamento for recebido. Para encomendas</p>
<p>personalizadas, exigirá um pagamento adiantado de 50% no momento do pedido.</p>
<h1><b>PRAZO DE ENTREGA</b></h1>
<p>Somos um fabricante, não um armazém, pelo que alguns artigos podem exigir um prazo de</p>
<p>entrega.produção antes do envio. Agradecemos a sua compreensão.</p>

<p>FICHA TÉCNICA CARACTERÍSTICAS DO PRODUTO Fabricado com couro de bovino da UE, curtido com extratos vegetais. MATÉRIAS-PRIMAS Os produtos químicos utilizados no acabamento e tingimento são fabricados em Espanha e cumprem tudo actuais regulamentos da Comunidade Europeia (regulamentos REACH). EMBALAGEM E ETIQUETAGEM Bobinas de tampas de plástico e cartão recicláveis. USOS E APLICAÇÕES 1. Artigos&hellip;</p>
